 prime factors of v + 2/(2/273)?
277
What are the prime factors of (-820)/(-123)*1332/5?
2, 3, 37
Let h(b) = 574*b - 284. List the prime factors of h(11).
2, 3, 5, 67
Suppose 0 = 58*w + 72*w - 543010. List the prime factors of w.
4177
Suppose 32082 - 540187 = -13*j + 57928. List the prime factors of j.
43541
Suppose 75473 - 5492 + 79003 = 11*h. List the prime factors of h.
2, 1693
Suppose h - 4*s - 1076 = 0, 4*s + 5460 = 8*h - 3*h. Suppose -8*l + h = -112. List the prime factors of l.
151
Suppose 89*v - 45574 = 129627 - 36183. List the prime factors of v.
2, 11, 71
Suppose 5*u - 4996 = -4*d, -3*u + 0*u = -d + 1232. Suppose -10*w = -12*w + d. What are the prime factors of w?
2, 311
Let i be (9 + (3 - 3))*(-60)/(-36). What are the prime factors of (-7064)/(-10) + -4 - 6/i?
2, 3, 13
Let t = -3021 + 2089. Let y = -521 - t. List the prime factors of y.
3, 137
Let l(d) be the third derivative of d**4/12 - 9*d**3/2 - d**2. Let k be l(15). Suppose -k*n - 2*s = -132, -2*s + 81 = 2*n - 5. List the prime factors of n.
2, 23
Let r(o) = -o**2 + 8*o - 4. Let z be r(7). Suppose 0 = -2*v + 5*g + 721, -z*v = -0*v - g - 1049. Let j = v + -208. List the prime factors of j.
2, 5, 7
Suppose 0 = -15*k + 20*k - 60. Suppose 20 = 4*b - 5*a - 2, -b - 2*a + k = 0. List the prime factors of (-6 + b/4)/(4/(-10)).
2, 5
Let u(i) = i**3 + 4*i**2 + 2*i + 15. Let p be u(-4). Let f(c) = 16*c + 103. What are the prime factors of f(p)?
5, 43
Let m(s) = -15*s**3 + 6*s**2 - 10*s - 3. Let l(v) = -v**3 + v - 1. Let d(x) = 3*l(x) - m(x). What are the prime factors of d(4)?
2, 181
Suppose 5*c = 5*p - 80, -5*p - 2*c + 108 = 14. Suppose -3*z - 48*i - 26 = -44*i, 0 = -2*i + 2. List the prime factors of 5/(z/p)*-3.
3
Suppose 0 = 459*c - 470*c + 187839 - 45719. What are the prime factors of c?
2, 5, 17, 19
Suppose -597*f + q = -594*f - 25065, 2*f + 3*q = 16710. What are the prime factors of f?
3, 5, 557
Let u be (-5506)/(-6) + -2 - 26/39. Let b(p) = -2*p**2 - 12*p - 7. Let a be b(-5). Suppose 8*w - a*w - u = 0. List the prime factors of w.
3, 61
Let f(o) = -o**3 + 10*o**2 + 7*o + 44. Let x be f(11). What are the prime factors of x/(-3) - 2 - (-7 - 467)?
2, 59
Suppose 3*s = 5*d - 4228, 11 = -3*d - 1. Let v = s + 2119. What are the prime factors of v?
19, 37
Let c be (-5)/(-15) - 40/(-24). Suppose -t = 5*r - 3465, 0 = c*r + 3*t - 8*t - 1359. List the prime factors of r.
2, 173
Let t = 7170 + 1429. What are the prime factors of t?
8599
Let a(c) = c**2 - 7*c + 19. Let d be a(5). Let m be 69121/117 + 2/d. Suppose -3*t - 38 = -3*x + 529, -3*x - 5*t = -m. List the prime factors of x.
2, 3
Let h(u) = 2*u**2 - 22*u + 5. Let y be h(11). Let o(b) = -14*b + 11*b - 37 - y*b. List the prime factors of o(-11).
3, 17
Let z = 26808 - 20595. List the prime factors of z.
3, 19, 109
Let i(g) = 27*g - 38. Suppose 151*f - 141*f = 240. What are the prime factors of i(f)?
2, 5, 61
Let c = 23913 - 6112. What are the prime factors of c?
7, 2543
Let p be (4*(-3)/(-36))/(8/48). Suppose -o + 2481 = 5*h, -p*o + 6*o - 1475 = -3*h. List the prime factors of h.
7, 71
Suppose -1739 = -4*a + 4*t - 9*t, 0 = 2*t + 10. Suppose 0*c - 9*c = -a. List the prime factors of c.
7
Let w(s) = 56*s + 44. Let h(c) = -c**3 - 25*c**2 - 7*c - 168. Let b be h(-25). What are the prime factors of w(b)?
2, 109
Suppose -3*a + 64055 = 3*l - 15586, -4*l + 106183 = 5*a. List the prime factors of l.
2, 3319
Suppose w + 2*x - 6*x = 21, 4*w = -2*x + 12. Let b(q) = 3*q**3 - 5*q**2 - 7*q + 36. List the prime factors of b(w).
251
Suppose -f - 2*f + 12 = 0. Suppose 6*p - 92 = -4*z + 5*p, 0 = f*z + 2*p - 88. List the prime factors of z/(1/1*(-4)/(-20)).
2, 3, 5
Suppose 3*u - 3*f - 46464 = 0, 19*u - 23*u - 3*f + 61910 = 0. What are the prime factors of u?
2, 7741
Let x(s) = 2*s + 11. Let v be x(-6). Let d(o) = -2*o**3 - o**2. Let f be d(v). Let u(k) = 28*k**3 + 2*k**2 - 3*k + 1. List the prime factors of u(f).
2, 7
Let q(b) = -22 + 9 - 15 + 3 + 76*b. What are the prime factors of q(10)?
3, 5, 7
Let c(n) = n**2 - 5*n - 3. Let b be c(6). Suppose -2*s = -10, 7*t - b*t - 3453 = -5*s. List the prime factors of t.
857
Suppose -4*b + 20160 = -5*v, -b + 8085 = 5*v + 3045. List the prime factors of b.
2, 3, 5, 7
Let d(g) = 2*g**2 - 29*g - 3. Suppose 0 = -2*v - 6, y = -0*y + v + 15. Let k be d(y). What are the prime factors of 2*(-1)/2*k?
3, 7
Suppose -204*k + 265*k - 1144446 = 2236418. What are the prime factors of k?
2, 433
Let n = 52 - 52. Let c = 51 + n. List the prime factors of c.
3, 17
Suppose -d + 26 = h - 0*d, -d - 89 = -4*h. Suppose -3*k - 2*u - 50 = 0, 89 = -4*k - 3*u + h. List the prime factors of (-675)/(-7) - k/(-42).
2, 3
List the prime factors of 18/75*5/(-9) + (-245794)/(-30).
3, 2731
Suppose -10*r = 18*r - 84. Let x = 42 + -21. Suppose r*t = -12 + x. List the prime factors of t.
3
Suppose -4*g + 17 = y - 5*g, -5*y = -3*g - 85. Let k = y - 12. Suppose -k*r + 533 = 38. List the prime factors of r.
3, 11
Let c(j) be the second derivative of 10*j**4/3 + 7*j**3/2 - 32*j**2 - 25*j. List the prime factors of c(4).
2, 3, 5, 11
Let t = -5326 + 11272. What are the prime factors of t?
2, 3, 991
Let d(g) = -g**3 - 5*g**2 + 19*g + 8. Suppose w = t - 4*w - 15, -t = -2*w. Let z be d(t). Suppose 4*n = n + z. What are the prime factors of n?
2, 53
Let x(t) = -3*t**2 + 21*t + 23. Let g be 92/22 + 7/231*-6. Let j(f) = 4*f**2 - 21*f - 24. Let m(a) = g*j(a) + 5*x(a). What are the prime factors of m(-24)?
7, 13
Let b = -3 + -3. Let n(x) = -2*x - 3. Let h be n(b). Suppose 24 = -8*t + h*t. What are the prime factors of t?
2, 3
Suppose 5*m - 6*m = 0. Let o be (m - (0 + -2))/(9/(-774)). List the prime factors of o/(-16) - 3 - (-1)/4.
2
What are the prime factors of (332/6)/((8/(-420))/(-1))?
5, 7, 83
Suppose 29*w - 176198 = 573655. List the prime factors of w.
3, 13, 17
Let o(c) = 6974*c**3 + 14*c**2 - 14*c. List the prime factors of o(1).
2, 11, 317
Let d(f) = 10*f**3 - 2*f**2 + f - 5. Let y be d(3). Let g be 2/13 + y/65. Suppose -2*b - 190 = -4*n - 42, -5*b = -g*n + 160. List the prime factors of n.
5, 7
Let h = -26713 + 49931. List the prime factors of h.
2, 13, 19, 47
Let q(b) = 1459*b**2 - 11*b - 4. Let o be q(-1). Suppose k - o = -4*n + 6*k, 0 = -n + k + 366. What are the prime factors of n?
2, 7, 13
What are the prime factors of 1/((3 - (7 + -5))*(-4)/(-70728))?
2, 3, 7, 421
Let z = 38065 - 21473. List the prime factors of z.
2, 17, 61
Suppose -12*u + 9*u - 252 = -4*h, -h + 3*u + 63 = 0. Let p = h - -449. List the prime factors of p.
2
Let a(w) = 4*w**2 - 23. Let q(p) be the second derivative of p**5/20 - p**4 - 3*p**2 - 15*p. Let f be q(12). What are the prime factors of a(f)?
11
Let v = 998 + -248. Let f = v + -435. List the prime factors of f.
3, 5, 7
Suppose -t + 5*g = -27, 1 - 10 = -2*t + g. Suppose -5*n - 3*y + 23 = -3*n, -2*n + 2*y - t = 0. What are the prime factors of 32/3*n/(16/39)?
2, 13
Suppose -112076 + 9962 = -43*y + 410360. What are the prime factors of y?
2, 59, 101
Suppose -675776 = 31*b - 144*b + 377836. What are the prime factors of b?
2, 3, 7, 37
Let k(c) = -3*c**3 - 11*c**2 - 11*c - 1. Let r = -298 + 291. What are the prime factors of k(r)?
2, 283
Let n = 27263 - 18796. What are the prime factors of n?
8467
Let b(t) = t**2 + 23*t + 122. Let s be b(-8). Suppose -5*m + 3865 = -s*w, 3 = -w - 2. What are the prime factors of m?
3, 257
Suppose 2*r = -3*z + 14838, 2*z - 5*r - 4679 = 5232. List the prime factors of z.
2, 1237
Suppose 85 = 5*r - 4*h, 21*r - 19 = 18*r - 4*h. Let i(o) = -4*o**3 + 54*o**2 - 3*o - 29. List the prime factors of i(r).
2, 3, 5
Let d(n) = -143*n**2 - 3*n - 4. Let o be d(-2). Let f = -186 - o. Suppose -15*t = -13*t - f. List the prime factors of t.
2, 3
Let x = -309 + 314. Suppose 2*i - 856 = -2*v, -4*v + x*i + 928 + 793 = 0. List the prime factors of v.
3, 11, 13
Let y(n) = -17*n + 7. Let r(a) = 34*a - 15. Suppose -7 = 10*x - 67. Let m(w) = x*r(w) + 11*y(w). What are the prime factors of m(3)?
2, 19
What are the prime factors of (-12)/10 - (3 + 837456/(-30))?
13, 19, 113
Suppose -42*f + 2365 = -745 - 754. Suppose -2*h - 97 = -p, 0 = -3*h + 17 - 5. Let v = p - f. List the prime factors of v.
13
Suppose -90 = 6*l - 264. Let d = l + -28. What are the prime factors of d/7 + -6 + (-3670)/(-35)?
3, 11
What are the prime factors of 